
-8a57e
In base 3, what is 1120211 + -22101202221?
-22100012010
In base 7, what is 44 + -20620413?
-20620336
In base 7, what is -12 - 14514265?
-14514310
In base 12, what is 30519 + 304?
30821
In base 10, what is -16 + 241185?
241169
In base 12, what is -3a26a8 + 276?
-3a2432
In base 11, what is 12075661 - 28?
12075634
In base 16, what is -14 + 18b71?
18b5d
In base 16, what is -523 + a5b6?
a093
In base 6, what is -5 - 2055543032?
-2055543041
In base 12, what is -1 - 69193b?
-691940
In base 10, what is 272258 + 54?
272312
In base 13, what is -1811aa66 - 1?
-1811aa67
In base 12, what is -6b16 + -b85?
-7a9b
In base 10, what is 1 + 5821792?
5821793
In base 10, what is -6 + -60532?
-60538
In base 16, what is 105abfb + -2?
105abf9
In base 7, what is 3 - -132520112?
132520115
In base 2, what is -11111001001110011 + 101111?
-11111001001000100
In base 8, what is -44023 - -2356?
-41445
In base 2, what is -11110000011111011001 - 1001001?
-11110000100000100010
In base 15, what is 4890 + -2c38?
1b57
In base 13, what is 638 + -32cb?
-2993
In base 4, what is 10023003003301 - -13?
10023003003320
In base 2, what is 10111101 + 10100100010110100?
10100100101110001
In base 5, what is -1240444 - -321141?
-414303
In base 2, what is 1 + -1100010010111100011110?
-1100010010111100011101
In base 4, what is 22310013231 - -10?
22310013301
In base 10, what is -80542 - 35?
-80577
In base 7, what is 1002 + 442?
1444
In base 4, what is 101123333 + 2302?
101132301
In base 16, what is -14e + -a6baf?
-a6cfd
In base 11, what is 156 - 5a522?
-5a377
In base 11, what is -a + -4838385?
-4838394
In base 2, what is 1100000 + 1100110000010110?
1100110001110110
In base 6, what is 5344113 - 13454?
5330215
In base 16, what is -24ee16 - 5?
-24ee1b
In base 6, what is 351212 + 1411?
353023
In base 8, what is -222420730 - -3?
-222420725
In base 3, what is -22120222112102 - 2?
-22120222112111
In base 9, what is 8 - -3800182?
3800201
In base 3, what is 1 + 20001100212010122?
20001100212010200
In base 6, what is 4452120 + -10322?
4441354
In base 10, what is -3 - -1196776?
1196773
In base 10, what is 269 - 1010995?
-1010726
In base 3, what is 21 + 11000111212211?
11000111220002
In base 11, what is -580 - 67460?
-67a30
In base 9, what is 41013 + -876?
40026
In base 8, what is 630 + 4736?
5566
In base 5, what is -10 + -30232?
-30242
In base 13, what is -288 + 184b5?
1822a
In base 11, what is 104a86 - 97?
10499a
In base 14, what is 4768b447 - -3?
4768b44a
In base 6, what is -105114150 - 110?
-105114300
In base 11, what is -3a07 - 2a24?
-6930
In base 12, what is -a0395 + 3a?
-a0357
In base 3, what is -100021 - -111101120?
111001022
In base 10, what is -431 + 36482?
36051
In base 4, what is -22122020230 + -2?
-22122020232
In base 16, what is -8b5 + 3db99?
3d2e4
In base 14, what is 377a47 - 61?
3779c6
In base 9, what is 17210 - -14?
17224
In base 13, what is 95 - 42365?
-422a0
In base 16, what is -5c2 - -142b?
e69
In base 16, what is 1af0e - -339?
1b247
In base 11, what is -2877497 + 7?
-2877490
In base 16, what is -21db + 996b?
7790
In base 5, what is -30120413231 - -1?
-30120413230
In base 9, what is -203 - -2040185?
2038882
In base 16, what is -2 + -a2886?
-a2888
In base 16, what is d65 - -154f?
22b4
In base 7, what is -53 + -1412621?
-1413004
In base 15, what is -1c1 + -553?
-724
In base 13, what is -9c1cc12 - 5?
-9c1cc17
In base 3, what is 202 + 122202101121111?
122202101122020
In base 15, what is -31ed + -210?
-340d
In base 8, what is -204 - -27544?
27340
In base 14, what is -3 - 6155b5?
-6155b8
In base 8, what is 34463 + 41601?
76264
In base 16, what is 8ae7 - 2b54?
5f93
In base 8, what is 151633263 - -7?
151633272
In base 14, what is 276174 - 5?
27616d
In base 9, what is 3 + 1521512?
1521515
In base 8, what is 43521 + -1053?
42446
In base 10, what is 2 + 10938878?
10938880
In base 13, what is 4 - -2ab81?
2ab85
In base 7, what is -1111426 - 3656?
-1115415
In base 13, what is 5821 + 1461?
6c82
In base 11, what is -291 - -705339?
705058
In base 13, what is -19191 + 25?
-19169
In base 5, what is -3 + 1010240004124?
1010240004121
In base 14, what is 12 + 69804d4?
6980506
In base 5, what is 3 - 143431220?
-143431212
In base 3, what is 210 - -1002210020021?
1002210021001
In base 13, what is -6b7 - 23c6?
-2ab0
In base 6, what is 3 + 331525143?
331525150
In base 14, what is 47a285 + 3?
47a288
In base 15, what is 3abb6a5a + -4?
3abb6a56
In base 12, what is -427961a - -3?
-4279617
In base 10, what is -60390263 - -6?
-60390257
In base 8, what is -2342 + 54121?
51557
In base 14, what is -c - -6d2d10?
6d2d02
In base 2, what is -101101 + 10001001101101001000?
10001001101100011011
In base 4, what is 303312121010 - 1?
303312121003
In base 9, what is -171 - -267363?
267182
In base 16, what is -40ef02 - -1?
-40ef01
In base 2, what is -10001011110110101001001 - 101?
-10001011110110101001110
In base 11, what is -3904 - -585?
-332a
In base 2, what is -10101110001100000 - -10111010?
-10101101110100110
In base 3, what is -120000021122 - -121?
-120000021001
In base 16, what is -dda + 367?
-a73
In base 15, what is -2 + -1226102?
-1226104
In base 6, what is 11311523 + 50?
11312013
In base 10, what is -569055 + 10?
-569045
In base 2, what is -11111101 - 101010110010110001?
-101010110110101110
In base 13, what is -7426 + 1c5a?
-5499
In base 5, what is 3 + 3334400313?
3334400321
In base 13, what is 219b7 - 81?
21936
In base 6, what is 42300 + -424502?
-342202
In base 12, what is 414bb36 - 6?
414bb30
In base 11, what is 5 - 18658a51?
-18658a47
In base 12, what is 55835 - -28?
55861
In base 3, what is -212120101100210 - -10?
-212120101100200
In base 16, what is -2c3ba2e + -5?
-2c3ba33
In base 10, what is 373 + 501290?
501663
In base 12, what is 2704b - 6?
27045
In base 3, what is -11001 + -10112111222?
-10112200000
In base 6, what is -25 - 1140011?
-1140040
In base 14, what is -3 - -3b3b87?
3b3b84
In base 11, what is 634296a - -3?
6342972
In base 12, what is 1029 + 58b?
15b8
In base 4, what is 2 + 2131103200301?
2131103200303
In base 15, what is e + 83762?
83771
In base 8, what is -135571201 - -14?
-135571165
In base 11, what is -3 + 13127a29?
13127a26
In base 6, what is -244343 - 2432?
-251215
In base 11, what is 269603295 + 3?
269603298
In base 10, what is 125749822 + -4?
125749818
In base 3, what is 1011012111121112012 + -10?
1011012111121112002
In base 3, what is -11 - -12000110210011101?
12000110210011020
In base 10, what is -13 + -1233241?
-1233254
In base 15, what is -a - 197abee?
-197ac09
In base 4, what is 31220 - 100021201?
-33323321
In base 14, what is -1 - -392b8?
392b7
In base 3, what is 101001 - 11111200120?
-11111022112
In base 4, what is -302313222 + 2000110?
-300313112
In base 7, what is -251524232 + -2?
-251524234
In base 13, what is bc33 - -238?
c16b
In base 2, what is 100110011100001 - -11010000110?
101001101100111
In base 5, what is 112312233 - -2011?
112314244
In base 6, what is 350530322 - -401?
350531123
In base 15, what is 73b9624 + -4?
73b9620
In base 4, what is 1003210211 - -11133?
1003222010
In base 10, what is -1155553536 - 4?
-1155553540
In base 15, what is -5 + 46a655?
46a650
In base 4, what is 1232022002123 + 23?
1232022002212
In base 8, what is 3 - -14614327?
14614332
In base 10, what is 4 + -22436904?
-22436900
In base 12, what is a0 - 15712?
-15632
In base 6, what is -24 + -2055200500?
-2055200524
In base 15, what is 50 - 29e8c2?
-29e872
In base 12, what is -113 + 14890?
14779
In base 9, what is -245 - -111725?
111470
In base 9, what is 3 + -2316108?
-2316105
In base 15, what is -157b + -294?
-1820
In base 6, what is 310302345 - -5?
310302354
In base 4, what is -303121233301122 - -1?
-303121233301121
In base 9, what is -1260683 - -7?
-1260675
In base 3, what is -1010112 - -2100221022?
2022210210
In base 10, what is 4 + -266187588?
-266187584
In base 3, what is 10211021101120000 + -21?
10211021101112202
In base 9, what is 805801 - 147?
805643
In base 5, what is 222311043 - 411?
222310132
In base 13, what is -287a99 - 49?
-287b15
In base 13, what is -18215 - -132?
-180b3
In base 9, what is 4435 - -368034?
373470
In base 8, what is -24025 - 1076?
-25123
In base 16, what is -2e - -aad68?
aad3a
In base 2, what is -11110011100 - -101110101011?
10000001111
In base 12, what is 50481 - 75?
50408